the remainder when 528 is divided by 59.
56
What is the remainder when 285 is divided by 72?
69
What is the remainder when 211 is divided by 7?
1
Calculate the remainder when 50 is divided by 24.
2
Calculate the remainder when 155 is divided by 54.
47
Calculate the remainder when 3886 is divided by 215.
16
Calculate the remainder when 850 is divided by 37.
36
Calculate the remainder when 361 is divided by 16.
9
What is the remainder when 410 is divided by 175?
60
What is the remainder when 54 is divided by 23?
8
What is the remainder when 1644 is divided by 25?
19
What is the remainder when 55 is divided by 29?
26
What is the remainder when 5540 is divided by 1840?
20
What is the remainder when 118 is divided by 51?
16
Calculate the remainder when 3830 is divided by 23.
12
What is the remainder when 2039 is divided by 255?
254
What is the remainder when 268 is divided by 121?
26
Calculate the remainder when 1361 is divided by 156.
113
Calculate the remainder when 978 is divided by 89.
88
What is the remainder when 58 is divided by 15?
13
What is the remainder when 67 is divided by 63?
4
Calculate the remainder when 538 is divided by 109.
102
Calculate the remainder when 610 is divided by 51.
49
What is the remainder when 160 is divided by 28?
20
What is the remainder when 1700 is divided by 192?
164
What is the remainder when 644 is divided by 156?
20
What is the remainder when 150 is divided by 72?
6
Calculate the remainder when 691 is divided by 101.
85
Calculate the remainder when 670 is divided by 81.
22
What is the remainder when 1183 is divided by 35?
28
Calculate the remainder when 59 is divided by 23.
13
What is the remainder when 230 is divided by 59?
53
Calculate the remainder when 1250 is divided by 83.
5
What is the remainder when 618 is divided by 65?
33
Calculate the remainder when 197 is divided by 62.
11
Calculate the remainder when 2378 is divided by 15.
8
What is the remainder when 413 is divided by 185?
43
What is the remainder when 188 is divided by 45?
8
Calculate the remainder when 64 is divided by 47.
17
Calculate the remainder when 163 is divided by 45.
28
What is the remainder when 8783 is divided by 6?
5
What is the remainder when 73 is divided by 25?
23
What is the remainder when 247 is divided by 60?
7
What is the remainder when 3305 is divided by 43?
37
Calculate the remainder when 70 is divided by 64.
6
What is the remainder when 124 is divided by 16?
12
Calculate the remainder when 97 is divided by 26.
19
Calculate the remainder when 10463 is divided by 96.
95
Calculate the remainder when 2999 is divided by 63.
38
Calculate the remainder when 591 is divided by 25.
16
What is the remainder when 511 is divided by 32?
31
What is the remainder when 23 is divided by 22?
1
What is the remainder when 52 is divided by 48?
4
What is the remainder when 472 is divided by 145?
37
What is the remainder when 12322 is divided by 25?
22
What is the remainder when 808 is divided by 58?
54
Calculate the remainder when 52 is divided by 32.
20
What is the remainder when 65 is divided by 15?
5
What is the remainder when 1293 is divided by 72?
69
What is the remainder when 96 is divided by 21?
12
Calculate the remainder when 157 is divided by 69.
19
What is the remainder when 338 is divided by 88?
74
What is the remainder when 590 is divided by 356?
234
What is the remainder when 754 is divided by 6?
4
What is the remainder when 66 is divided by 35?
31
What is the remainder when 303 is divided by 6?
3
What is the remainder when 206 is divided by 15?
11
What is the remainder when 112 is divided by 46?
20
What is the remainder when 332 is divided by 163?
6
Calculate the remainder when 1925 is divided by 22.
11
Calculate the remainder when 2698 is divided by 45.
43
What is the remainder when 1446 is divided by 69?
66
What is the remainder when 391 is divided by 182?
27
What is the remainder when 505 is divided by 78?
37
Calculate the remainder when 208 is divided by 15.
13
Calculate the remainder when 875 is divided by 44.
39
Calculate the remainder when 217 is divided by 33.
19
Calculate the remainder when 1235 is divided by 615.
5
What is the remainder when 993 is divided by 306?
75
What is the remainder when 628 is divided by 42?
40
What is the remainder when 8090 is divided by 253?
247
What is the remainder when 1087 is divided by 33?
31
Calculate the remainder when 1663 is divided by 98.
95
Calculate the remainder when 49473 is divided by 14.
11
What is the remainder when 270 is divided by 68?
66
What is the remainder when 211 is divided by 23?
4
What is the remainder when 409 is divided by 22?
13
Calculate the remainder when 269 is divided by 15.
14
Calculate the remainder when 5265 is divided by 62.
57
Calculate the remainder when 881 is divided by 13.
10
What is the remainder when 536 is divided by 121?
52
What is the remainder when 1740 is divided by 13?
11
Calculate the remainder when 719 is divided by 140.
19
What is the remainder when 2955 is divided by 8?
3
Calculate the remainder when 437 is divided by 17.
12
What is the remainder when 507 is divided by 78?
39
Calculate the remainder when 2447 is divided by 25.
22
What is the remainder when 214 is divided by 37?
29
What is the remainder when 3787 is divided by 61?
5
What is the remainder when 1700 is divided by 151?
39
Calculate the remainder when 12032 is divided by 29.
26
What is the remainder when 972 is divided by 137?
13
Calculate the remainder when 514 is divided by 47.
44
Calculate the remainder when 1510 is divided by 35.
5
Calculate the remainder when 636 is divided by 213.
210
Calculate the remainder when 372 is divided by 34.
32
Calculate the remainder when 3715 is divided by 133.
124
What is the remainder when 3142 is divided by 123?
67
Calculate the remainder when 792 is divided by 67.
55
What is the remainder when 278 is divided by 11?
3
Calculate the remainder when 122 is divided by 25.
22
Calculate the remainder when 260 is divided by 86.
2
Calculate the remainder when 131 is divided by 69.
62
Calculate the remainder when 133 is divided by 40.
13
What is the remainder when 114 is divided by 29?
27
What is the remainder when 659 is divided by 169?
152
What is the remainder when 41 is divided by 23?
18
Calculate the remainder when 737 is divided by 123.
122
Calculate the remainder when 402 is divided by 102.
96
Calculate the remainder when 7049 is divided by 48.
41
What is the remainder when 2378 is divided by 123?
41
What is the remainder when 32 is divided by 10?
2
Calculate the remainder when 245 is divided by 25.
20
Calculate the remainder when 136 is divided by 60.
16
What is the remainder when 100 is divided by 63?
37
Calculate the remainder when 291 is divided by 105.
81
Calculate the remainder when 173 is divided by 38.
21
Calculate the remainder when 7 is divided by 6.
1
Calculate the remainder when 60 is divided by 34.
26
Calculate the remainder when 812 is divided by 162.
2
Calculate the remainder when 1036 is divided by 86.
4
What is the remainder when 7256 is divided by 173?
163
What is the remainder when 79 is divided by 40?
39
What is the remainder when 56261 is divided by 52?
49
What is the remainder when 552 is divided by 115?
92
What is the remainder when 2002 is divided by 666?
4
What is the remainder when 69 is divided by 5?
4
Calculate the remainder when 6609 is divided by 17.
13
Calculate the remainder when 228 is divided by 79.
70
Calculate the remainder when 1354 is divided by 85.
79
Calculate the remainder when 499 is divided by 25.
24
What is the remainder when 1231 is divided by 11?
10
Calculate the remainder when 215 is divided by 75.
65
Calculate the remainder when 451 is divided by 30.
1
What is the remainder when 728 is divided by 21?
14
Calculate the remainder when 733 is divided by 49.
47
Calculate the remainder when 11285 is divided by 83.
80
What is the remainder when 1005 is divided by 10?
5
Calculate the remainder when 325 is divided by 30.
25
Calculate the remainder when 50 is divided by 21.
8
What is the remainder when 3582 is divided by 138?
132
What is the remainder when 413 is divided by 175?
63
Calculate the remainder when 230 is divided by 85.
60
Calculate the remainder when 550 is divided by 548.
2
What is the 